{"id":145,"date":"2021-08-31T14:06:40","date_gmt":"2021-08-31T14:06:40","guid":{"rendered":"https:\/\/capitalitaliane.lrc.columbia.edu\/?page_id=145"},"modified":"2021-08-31T14:07:00","modified_gmt":"2021-08-31T14:07:00","slug":"santa-rosalia-la-patrona-di-palermo","status":"publish","type":"page","link":"https:\/\/capitalitaliane.lrc.columbia.edu\/?page_id=145","title":{"rendered":"Santa Rosalia: La patrona di Palermo"},"content":{"rendered":"\n<p>Non si pu\u00f2 andare a Palermo senza sapere almeno qualcosa sulla sua patrona: Santa Rosalia, perch\u00e9 la sua immagine a Palermo \u00e8 ovunque e perch\u00e9 assistere alla festa che si celebra ogni anno in suo onore dal 10 al 15 luglio \u00e8 un&#8217;esperienza molto interessante.<\/p>\n\n\n\n<p>Seguiamo la storia della santa e scopriamo perch\u00e9 sia stata particolarmente venerata durante la pandemia:<\/p>\n\n\n\n<p><a href=\"https:\/\/izi.travel\/browse\/ae0d4504-a9c8-4645-a7ee-740bab401e22\/it\">https:\/\/izi.travel\/browse\/ae0d4504-a9c8-4645-a7ee-740bab401e22\/it<\/a><\/p>\n\n\n\n<p>Adesso guardiamo la 395esima celebrazione della festa di Santa Rosalia:<\/p>\n\n\n\n<figure class=\"wp-block-embed alignleft is-type-video is-provider-youtube wp-block-embed-youtube wp-embed-aspect-16-9 wp-has-aspect-ratio\"><div class=\"wp-block-embed__wrapper\">\n<iframe loading=\"lazy\" title=\"Il festino per Santa Rosalia a Palermo\" width=\"800\" height=\"450\" src=\"https:\/\/www.youtube.com\/embed\/lSIyEi-OF6o?feature=oembed\" frameborder=\"0\" allow=\"accelerometer; autoplay; clipboard-write; encrypted-media; gyroscope; picture-in-picture\" allowfullscreen><\/iframe>\n<\/div><\/figure>\n","protected":false},"excerpt":{"rendered":"<p>Non si pu\u00f2 andare a Palermo senza sapere almeno qualcosa sulla sua patrona: Santa Rosalia, perch\u00e9 la sua immagine a<\/p>\n","protected":false},"author":2,"featured_media":0,"parent":85,"menu_order":0,"comment_status":"closed","ping_status":"closed","template":"","meta":{"footnotes":""},"class_list":["post-145","page","type-page","status-publish","hentry"],"_links":{"self":[{"href":"https:\/\/capitalitaliane.lrc.columbia.edu\/index.php?rest_route=\/wp\/v2\/pages\/145","targetHints":{"allow":["GET"]}}],"collection":[{"href":"https:\/\/capitalitaliane.lrc.columbia.edu\/index.php?rest_route=\/wp\/v2\/pages"}],"about":[{"href":"https:\/\/capitalitaliane.lrc.columbia.edu\/index.php?rest_route=\/wp\/v2\/types\/page"}],"author":[{"embeddable":true,"href":"https:\/\/capitalitaliane.lrc.columbia.edu\/index.php?rest_route=\/wp\/v2\/users\/2"}],"replies":[{"embeddable":true,"href":"https:\/\/capitalitaliane.lrc.columbia.edu\/index.php?rest_route=%2Fwp%2Fv2%2Fcomments&post=145"}],"version-history":[{"count":1,"href":"https:\/\/capitalitaliane.lrc.columbia.edu\/index.php?rest_route=\/wp\/v2\/pages\/145\/revisions"}],"predecessor-version":[{"id":146,"href":"https:\/\/capitalitaliane.lrc.columbia.edu\/index.php?rest_route=\/wp\/v2\/pages\/145\/revisions\/146"}],"up":[{"embeddable":true,"href":"https:\/\/capitalitaliane.lrc.columbia.edu\/index.php?rest_route=\/wp\/v2\/pages\/85"}],"wp:attachment":[{"href":"https:\/\/capitalitaliane.lrc.columbia.edu\/index.php?rest_route=%2Fwp%2Fv2%2Fmedia&parent=145"}],"curies":[{"name":"wp","href":"https:\/\/api.w.org\/{rel}","templated":true}]}}