{"id":190,"date":"2021-09-09T19:54:25","date_gmt":"2021-09-09T19:54:25","guid":{"rendered":"https:\/\/capitalitaliane.lrc.columbia.edu\/?page_id=190"},"modified":"2022-08-26T18:57:21","modified_gmt":"2022-08-26T18:57:21","slug":"geography-and-history","status":"publish","type":"page","link":"https:\/\/capitalitaliane.lrc.columbia.edu\/?page_id=190","title":{"rendered":"Geografia &#038; storia"},"content":{"rendered":"\n<h3 class=\"wp-block-heading\">Geografia<\/h3>\n\n\n\n<p>Torino, <strong>capoluogo<\/strong> del Piemonte, \u00e8 situata a 239 di altezza sul livello del mare, tra la <strong>pianura<\/strong> e i <strong>valichi<\/strong> alpini che conducono in Francia. Grazie a questa sua posizione geografica, allo <strong>sbocco<\/strong> delle strade provenienti dai <strong>trafori<\/strong> e dai <strong>valichi<\/strong> alpini, `e sempre stata un importante centro commerciale. La citt\u00e0 ha una <strong>superficie<\/strong> di circa 130,2 Km\u00b2 ed \u00e8 attraversata da due fiumi: il Po e la Dora Riparia. Gli abitanti, considerando anche quelli dell&#8217;hinterland, sono un milione e mezzo circa. Il <strong>clima<\/strong> di Torino \u00e8 <strong>temperato<\/strong>, con estati calde e inverni freddi e <strong>umidi<\/strong>. I periodi pi\u00f9 <strong>piovosi<\/strong> sono&nbsp;primavera e l&#8217;autunno. I venti sono rari con l&#8217;eccezione del&nbsp;<strong>Ph\u00f6n<\/strong> (che d\u00e0 la parola usata in italiano per indicare l&#8217;asciugacapelli), il vento caldo e <strong>secco<\/strong> che scende dalle montagne. La <strong>neve<\/strong> non \u00e8 ne frequente n\u00e9 abbondante.<\/p>\n\n\n\n<p><strong>Scegli tra le parole indicate in neretto nel testo quelle adatte a completare le seguenti frasi:<\/strong><\/p>\n\n\n\n<ol class=\"wp-block-list\"><li>Dicono che il clima dell&#8217;Arizona, caldo e ___________________________________ siam molto salubre.<\/li><li>Quando cade la _______________________ e imbianca case e alberi, la citt\u00e0 sembra pi\u00f9 tranquilla.<\/li><li>Il ____________________________ non \u00e8 un vento freddo.<\/li><li>In ___________________________________ si coltiva il riso.<\/li><li>Il clima continentale \u00e8 un clima ___________________________________________________<\/li><li>Marzo \u00e8 un mese piuttosto ______________________________________________________<\/li><li>Un _______________________________________ non \u00e8 altro che un tunnel scavato in una montagna.<\/li><li>In un paese dal ______________________ tropicale, vi sono solo due stationi: una piovosa e una secca.<\/li><li>Il valico\u00a0 \u00e8 il luogo di passaggio da un versante all&#8217;altro di una montagna,\u00a0 in corrispondenza del punto di minore altitudine.<\/li><li>Dal profondo del mare i pesci salgono in _____________________________________<\/li><li>Lo __________________ \u00e8 la via d&#8217;uscita o il punto d&#8217;arrivo di una strada.<\/li><li>Napoli \u00e8 il ______________________________ della citt\u00e0.<\/li><\/ol>\n\n\n\n<h4 class=\"wp-block-heading\">Storia<\/h4>\n\n\n\n<p>Anche Torino ha origini antichissime. Nel <strong>III secolo a.C<\/strong>. era un grande villaggio abitato da celto-liguri o da taurini. Gli storici non concordano.<\/p>\n\n\n\n<p>Nel <strong>28 a.C.<\/strong>, fu conquistata dai romani che la chiamarono <strong><em>Augusta Taurinorum<\/em><\/strong>, dal nome del primo imperatore di Roma.&nbsp;<\/p>\n\n\n\n<p>A partire dal <strong>secolo XI <\/strong>&nbsp;fu nelle mire dei Savoia ma solo&nbsp; nel <strong>XIV secolo<\/strong>, sotto Amedeo VIII di Savoia, divent\u00f2 il centro delle province sabaude e nel&nbsp; XVI secolo, <em>capitale del <\/em><strong><em>Regno sabaudo<\/em><\/strong> e per renderla adatta a questo ruolo, s&#8217;iniziarono molti lavori di natura artistica e urbanistica.&nbsp;<\/p>\n\n\n\n<p>Quelli erano gli anni in cui l&#8217;architetto e ingenere civile e militare <strong>Carlo di Castellamonte<\/strong>,&nbsp; seguendo il modello di Parigi, progett\u00f2 l\u2019odierna splendida <strong>Piazza S. Carlo<\/strong>.&nbsp;<\/p>\n\n\n\n<p>Nel <strong>XVIII secolo<\/strong> Torino fu&nbsp; assediata dai francesi ma le truppe austro-piemontesi riuscirono a sconfiggerle. In questo secolo Torino divent\u00f2<strong> la capitale del regno di Sardegn<\/strong>a e fu abbellita dalle opere architettoniche del siciliano <strong>Filippo Juvarra<\/strong>. Tra queste si trovano la <strong>Basilica di Superga<\/strong> e il <strong>Palazzo Madama<\/strong>).&nbsp;<\/p>\n\n\n\n<p>Nel <strong>XIX secolo<\/strong> <strong>Napoleone<\/strong> conquist\u00f2 la citt\u00e0 e apport\u00f2 molti cambiamenti dal punto di vista urbanistico. Le grandi imprese dell&#8217;amministrazione imperiale francese furono l&#8217;abbattimento delle mura simbolo dell&#8217;<em>ancien Regime,<\/em>&nbsp;la costruzione di un grande ponte (150 metri)&nbsp; di pietra<strong> <\/strong>a cinque arcate sul fiume Po, per collegare piazza Vittorio alla collina e la creazione di parchi e grandi viali alberati.<\/p>\n\n\n\n<p>Torino divent\u00f2 sotto Carlo Alberto e Vittorio Emanuele II una protagonista del <strong>Risorgimento<\/strong>. Nel 1861 venne eletta&nbsp;la <strong>capitale del nuovo Regno d\u2019Italia<\/strong>, poi trasferita&nbsp;a Firenze e successivamente a Roma.<\/p>\n\n\n\n<p>A partire dalla fine dell&#8217;Ottocento Torino vide&nbsp;una&nbsp;grande espansione economica e divent\u00f2 una delle grandi capitali industriali del mondo.<\/p>\n\n\n\n<ol class=\"wp-block-list\"><li>Con il nome Augusta Taurinorum i romani vollero onorare l&#8217;imperatore. V F<\/li><li>Per i Savoia Torino non era particolarmente importante. V F<\/li><li>Solo nel XVI secolo Torino fu la capitale di un regno. V F<\/li><li>All&#8217;architetto Carlo di Castellamonte non piaceva Parigi. V F<\/li><li>Il siciliano Filippo Juvarra lavor\u00f2 anche nel Nord d&#8217;Italia. V F<\/li><li>Napoleone lasci\u00f2 Torino come l&#8217;aveva trovata. V F<\/li><li>Fu solo nel XX secolo che Torino ebbe una grande&nbsp;espansione economica. V F<\/li><\/ol>\n\n\n\n<p>&nbsp;<\/p>\n","protected":false},"excerpt":{"rendered":"<p>Geografia Torino, capoluogo del Piemonte, \u00e8 situata a 239 di altezza sul livello del mare, tra la pianura e i<\/p>\n","protected":false},"author":2,"featured_media":0,"parent":64,"menu_order":0,"comment_status":"closed","ping_status":"closed","template":"","meta":{"footnotes":""},"class_list":["post-190","page","type-page","status-publish","hentry"],"_links":{"self":[{"href":"https:\/\/capitalitaliane.lrc.columbia.edu\/index.php?rest_route=\/wp\/v2\/pages\/190","targetHints":{"allow":["GET"]}}],"collection":[{"href":"https:\/\/capitalitaliane.lrc.columbia.edu\/index.php?rest_route=\/wp\/v2\/pages"}],"about":[{"href":"https:\/\/capitalitaliane.lrc.columbia.edu\/index.php?rest_route=\/wp\/v2\/types\/page"}],"author":[{"embeddable":true,"href":"https:\/\/capitalitaliane.lrc.columbia.edu\/index.php?rest_route=\/wp\/v2\/users\/2"}],"replies":[{"embeddable":true,"href":"https:\/\/capitalitaliane.lrc.columbia.edu\/index.php?rest_route=%2Fwp%2Fv2%2Fcomments&post=190"}],"version-history":[{"count":8,"href":"https:\/\/capitalitaliane.lrc.columbia.edu\/index.php?rest_route=\/wp\/v2\/pages\/190\/revisions"}],"predecessor-version":[{"id":949,"href":"https:\/\/capitalitaliane.lrc.columbia.edu\/index.php?rest_route=\/wp\/v2\/pages\/190\/revisions\/949"}],"up":[{"embeddable":true,"href":"https:\/\/capitalitaliane.lrc.columbia.edu\/index.php?rest_route=\/wp\/v2\/pages\/64"}],"wp:attachment":[{"href":"https:\/\/capitalitaliane.lrc.columbia.edu\/index.php?rest_route=%2Fwp%2Fv2%2Fmedia&parent=190"}],"curies":[{"name":"wp","href":"https:\/\/api.w.org\/{rel}","templated":true}]}}

<h3 class="wp-block-heading">Geografia</h3>



<p>Torino, <strong>capoluogo</strong> del Piemonte, è situata a 239 di altezza sul livello del mare, tra la <strong>pianura</strong> e i <strong>valichi</strong> alpini che conducono in Francia. Grazie a questa sua posizione geografica, allo <strong>sbocco</strong> delle strade provenienti dai <strong>trafori</strong> e dai <strong>valichi</strong> alpini, `e sempre stata un importante centro commerciale. La città ha una <strong>superficie</strong> di circa 130,2 Km² ed è attraversata da due fiumi: il Po e la Dora Riparia. Gli abitanti, considerando anche quelli dell&#8217;hinterland, sono un milione e mezzo circa. Il <strong>clima</strong> di Torino è <strong>temperato</strong>, con estati calde e inverni freddi e <strong>umidi</strong>. I periodi più <strong>piovosi</strong> sono&nbsp;primavera e l&#8217;autunno. I venti sono rari con l&#8217;eccezione del&nbsp;<strong>Phön</strong> (che dà la parola usata in italiano per indicare l&#8217;asciugacapelli), il vento caldo e <strong>secco</strong> che scende dalle montagne. La <strong>neve</strong> non è ne frequente né abbondante.</p>



<p><strong>Scegli tra le parole indicate in neretto nel testo quelle adatte a completare le seguenti frasi:</strong></p>



<ol class="wp-block-list"><li>Dicono che il clima dell&#8217;Arizona, caldo e ___________________________________ siam molto salubre.</li><li>Quando cade la _______________________ e imbianca case e alberi, la città sembra più tranquilla.</li><li>Il ____________________________ non è un vento freddo.</li><li>In ___________________________________ si coltiva il riso.</li><li>Il clima continentale è un clima ___________________________________________________</li><li>Marzo è un mese piuttosto ______________________________________________________</li><li>Un _______________________________________ non è altro che un tunnel scavato in una montagna.</li><li>In un paese dal ______________________ tropicale, vi sono solo due stationi: una piovosa e una secca.</li><li>Il valico  è il luogo di passaggio da un versante all&#8217;altro di una montagna,  in corrispondenza del punto di minore altitudine.</li><li>Dal profondo del mare i pesci salgono in _____________________________________</li><li>Lo __________________ è la via d&#8217;uscita o il punto d&#8217;arrivo di una strada.</li><li>Napoli è il ______________________________ della città.</li></ol>



<h4 class="wp-block-heading">Storia</h4>



<p>Anche Torino ha origini antichissime. Nel <strong>III secolo a.C</strong>. era un grande villaggio abitato da celto-liguri o da taurini. Gli storici non concordano.</p>



<p>Nel <strong>28 a.C.</strong>, fu conquistata dai romani che la chiamarono <strong><em>Augusta Taurinorum</em></strong>, dal nome del primo imperatore di Roma.&nbsp;</p>



<p>A partire dal <strong>secolo XI </strong>&nbsp;fu nelle mire dei Savoia ma solo&nbsp; nel <strong>XIV secolo</strong>, sotto Amedeo VIII di Savoia, diventò il centro delle province sabaude e nel&nbsp; XVI secolo, <em>capitale del </em><strong><em>Regno sabaudo</em></strong> e per renderla adatta a questo ruolo, s&#8217;iniziarono molti lavori di natura artistica e urbanistica.&nbsp;</p>



<p>Quelli erano gli anni in cui l&#8217;architetto e ingenere civile e militare <strong>Carlo di Castellamonte</strong>,&nbsp; seguendo il modello di Parigi, progettò l’odierna splendida <strong>Piazza S. Carlo</strong>.&nbsp;</p>



<p>Nel <strong>XVIII secolo</strong> Torino fu&nbsp; assediata dai francesi ma le truppe austro-piemontesi riuscirono a sconfiggerle. In questo secolo Torino diventò<strong> la capitale del regno di Sardegn</strong>a e fu abbellita dalle opere architettoniche del siciliano <strong>Filippo Juvarra</strong>. Tra queste si trovano la <strong>Basilica di Superga</strong> e il <strong>Palazzo Madama</strong>).&nbsp;</p>



<p>Nel <strong>XIX secolo</strong> <strong>Napoleone</strong> conquistò la città e apportò molti cambiamenti dal punto di vista urbanistico. Le grandi imprese dell&#8217;amministrazione imperiale francese furono l&#8217;abbattimento delle mura simbolo dell&#8217;<em>ancien Regime,</em>&nbsp;la costruzione di un grande ponte (150 metri)&nbsp; di pietra<strong> </strong>a cinque arcate sul fiume Po, per collegare piazza Vittorio alla collina e la creazione di parchi e grandi viali alberati.</p>



<p>Torino diventò sotto Carlo Alberto e Vittorio Emanuele II una protagonista del <strong>Risorgimento</strong>. Nel 1861 venne eletta&nbsp;la <strong>capitale del nuovo Regno d’Italia</strong>, poi trasferita&nbsp;a Firenze e successivamente a Roma.</p>



<p>A partire dalla fine dell&#8217;Ottocento Torino vide&nbsp;una&nbsp;grande espansione economica e diventò una delle grandi capitali industriali del mondo.</p>



<ol class="wp-block-list"><li>Con il nome Augusta Taurinorum i romani vollero onorare l&#8217;imperatore. V F</li><li>Per i Savoia Torino non era particolarmente importante. V F</li><li>Solo nel XVI secolo Torino fu la capitale di un regno. V F</li><li>All&#8217;architetto Carlo di Castellamonte non piaceva Parigi. V F</li><li>Il siciliano Filippo Juvarra lavorò anche nel Nord d&#8217;Italia. V F</li><li>Napoleone lasciò Torino come l&#8217;aveva trovata. V F</li><li>Fu solo nel XX secolo che Torino ebbe una grande&nbsp;espansione economica. V F</li></ol>



<p>&nbsp;</p>

<p>Geografia Torino, capoluogo del Piemonte, è situata a 239 di altezza sul livello del mare, tra la pianura e i</p>
