{"id":206,"date":"2021-09-28T20:21:36","date_gmt":"2021-09-28T20:21:36","guid":{"rendered":"https:\/\/capitalitaliane.lrc.columbia.edu\/?page_id=206"},"modified":"2021-09-28T20:21:37","modified_gmt":"2021-09-28T20:21:37","slug":"lindustria-cinematografica","status":"publish","type":"page","link":"https:\/\/capitalitaliane.lrc.columbia.edu\/?page_id=206","title":{"rendered":"L&#8217;industria cinematografica"},"content":{"rendered":"\n<h4 class=\"wp-block-heading\">L&#8217;industria cinematografica<\/h4>\n\n\n\n<p>Non tutti sanno che a meno di un anno dalle prime proiezioni pubbliche dei fratelli Lumi\u00e8re a Parigi, anche a Torino nel 1896 si cominciano ad organizzare serate cinematografiche e che da quel momento in poi le proiezioni di film sono diventate sempre pi\u00f9 frequenti e che sono cominciate a proliferare sia le case di produzione che le sale cinematografiche. Dal 1958 la citt\u00e0 di Torino \u00e8 sede di uno splendido <a href=\"https:\/\/www.museocinema.it\/en\">Museo del cinema<\/a> e dal 1982 ospita annualmente il Festival internazionale del cinema.<\/p>\n\n\n\n<p>Quella che segue \u00e8 una lista di solo alcuni dei tantissimi film ambientati a Torino. Adesso che conosci meglio la citt\u00e0, scegline uno e scrivi una recensione di tre pagine. Poi presenterai il film scelto alla classe, raccontandone dettagliatamente la trama, includendo delle scene che analizzerai minuziosamente e aggiungendo un commento critico:<\/p>\n\n\n\n<ul class=\"wp-block-list\"><li><em>Le amiche<\/em>, diretto da Michelangelo Antonioni (1955) (tratto dall\u2019omonimo romanzo di Cesare Pavese<\/li><li><em>I compagni<\/em>, diretto da Mario Monicelli (1963)<\/li><li><em>Torino nera<\/em>, diretto da Carlo Lizzani (1972)<\/li><li><em>Amore e ginnastica<\/em> diretto da Luigi Filippo D\u2019Amico (1973) (tratto dall\u2019omonimo romanzo di Edmondo De Amicis)<\/li><li><em>La donna della domenica<\/em>, diretto da Luigi Comencini (1975)<\/li><li><em>Torino violenta<\/em>, diretto da Carlo Ausino (1977)<\/li><li><em>La tregua<\/em>, diretto da Francesco Rosi (1997)<\/li><li><em>Cos\u00ec ridevano<\/em>, diretto da Gianni Amelio (1998)<\/li><li><em>A cavallo della tigre<\/em>, diretto da Carlo Mazzacurati (2002)<\/li><li><em>La fabbrica dei tedeschi<\/em>, diretto da Mimmo Calopresti (2008)<\/li><\/ul>\n","protected":false},"excerpt":{"rendered":"<p>L&#8217;industria cinematografica Non tutti sanno che a meno di un anno dalle prime proiezioni pubbliche dei fratelli Lumi\u00e8re a Parigi,<\/p>\n","protected":false},"author":2,"featured_media":0,"parent":200,"menu_order":0,"comment_status":"closed","ping_status":"closed","template":"","meta":{"footnotes":""},"class_list":["post-206","page","type-page","status-publish","hentry"],"_links":{"self":[{"href":"https:\/\/capitalitaliane.lrc.columbia.edu\/index.php?rest_route=\/wp\/v2\/pages\/206","targetHints":{"allow":["GET"]}}],"collection":[{"href":"https:\/\/capitalitaliane.lrc.columbia.edu\/index.php?rest_route=\/wp\/v2\/pages"}],"about":[{"href":"https:\/\/capitalitaliane.lrc.columbia.edu\/index.php?rest_route=\/wp\/v2\/types\/page"}],"author":[{"embeddable":true,"href":"https:\/\/capitalitaliane.lrc.columbia.edu\/index.php?rest_route=\/wp\/v2\/users\/2"}],"replies":[{"embeddable":true,"href":"https:\/\/capitalitaliane.lrc.columbia.edu\/index.php?rest_route=%2Fwp%2Fv2%2Fcomments&post=206"}],"version-history":[{"count":1,"href":"https:\/\/capitalitaliane.lrc.columbia.edu\/index.php?rest_route=\/wp\/v2\/pages\/206\/revisions"}],"predecessor-version":[{"id":207,"href":"https:\/\/capitalitaliane.lrc.columbia.edu\/index.php?rest_route=\/wp\/v2\/pages\/206\/revisions\/207"}],"up":[{"embeddable":true,"href":"https:\/\/capitalitaliane.lrc.columbia.edu\/index.php?rest_route=\/wp\/v2\/pages\/200"}],"wp:attachment":[{"href":"https:\/\/capitalitaliane.lrc.columbia.edu\/index.php?rest_route=%2Fwp%2Fv2%2Fmedia&parent=206"}],"curies":[{"name":"wp","href":"https:\/\/api.w.org\/{rel}","templated":true}]}}