{"id":238,"date":"2021-09-30T19:45:25","date_gmt":"2021-09-30T19:45:25","guid":{"rendered":"https:\/\/capitalitaliane.lrc.columbia.edu\/?page_id=238"},"modified":"2021-09-30T19:45:26","modified_gmt":"2021-09-30T19:45:26","slug":"geography","status":"publish","type":"page","link":"https:\/\/capitalitaliane.lrc.columbia.edu\/?page_id=238","title":{"rendered":"Geography"},"content":{"rendered":"\n<p>Milano \u00e8 situata nell&#8217;area centro-occidentale della Pianura Padana. A nord della citt\u00e0 si trovano le Prealpi, montagne pi\u00f9 basse delle Alpi. Il clima della citt\u00e0 e della regione \u00e8 di tipo continentale, con inverni piuttosto freddi, spesso nebbiosi[1], ed estati calde e afose. Le piogge sono distribuite in tutti i mesi dell&#8217;anno ma le precipitazioni aumentano in primavera e in autunno. Non lontano dalla citt\u00e0 scorrono vari fiumi e torrenti e, grazie a lavori di canalizzazione e di deviazione dei corsi d\u2019acqua (tra i fiumi il Lambro e il Seveso)[2], lavori iniziati gi\u00e0 in epoca romana, sono stati realizzati canali e laghi artificiali. Il canale chiamato Naviglio Grande \u00e8 navigabile. Ed \u00e8 lungo questo canale che molti giovani passano le loro serate.<\/p>\n\n\n\n<p>[1] A causa della scarsa ventilazione, a Milano e in buona parte della Pianura Padana possono stagnare la nebbia e purtroppo anche le sostanze inquinanti prodotte dalle industrie numerose in quella zona.<\/p>\n\n\n\n<p>[2] Simili lavori di canalizzazione sono stati fatti a Bologna.<\/p>\n","protected":false},"excerpt":{"rendered":"<p>Milano \u00e8 situata nell&#8217;area centro-occidentale della Pianura Padana. A nord della citt\u00e0 si trovano le Prealpi, montagne pi\u00f9 basse delle<\/p>\n","protected":false},"author":2,"featured_media":0,"parent":234,"menu_order":0,"comment_status":"closed","ping_status":"closed","template":"","meta":{"footnotes":""},"class_list":["post-238","page","type-page","status-publish","hentry"],"_links":{"self":[{"href":"https:\/\/capitalitaliane.lrc.columbia.edu\/index.php?rest_route=\/wp\/v2\/pages\/238","targetHints":{"allow":["GET"]}}],"collection":[{"href":"https:\/\/capitalitaliane.lrc.columbia.edu\/index.php?rest_route=\/wp\/v2\/pages"}],"about":[{"href":"https:\/\/capitalitaliane.lrc.columbia.edu\/index.php?rest_route=\/wp\/v2\/types\/page"}],"author":[{"embeddable":true,"href":"https:\/\/capitalitaliane.lrc.columbia.edu\/index.php?rest_route=\/wp\/v2\/users\/2"}],"replies":[{"embeddable":true,"href":"https:\/\/capitalitaliane.lrc.columbia.edu\/index.php?rest_route=%2Fwp%2Fv2%2Fcomments&post=238"}],"version-history":[{"count":1,"href":"https:\/\/capitalitaliane.lrc.columbia.edu\/index.php?rest_route=\/wp\/v2\/pages\/238\/revisions"}],"predecessor-version":[{"id":239,"href":"https:\/\/capitalitaliane.lrc.columbia.edu\/index.php?rest_route=\/wp\/v2\/pages\/238\/revisions\/239"}],"up":[{"embeddable":true,"href":"https:\/\/capitalitaliane.lrc.columbia.edu\/index.php?rest_route=\/wp\/v2\/pages\/234"}],"wp:attachment":[{"href":"https:\/\/capitalitaliane.lrc.columbia.edu\/index.php?rest_route=%2Fwp%2Fv2%2Fmedia&parent=238"}],"curies":[{"name":"wp","href":"https:\/\/api.w.org\/{rel}","templated":true}]}}