{"id":780,"date":"2022-03-23T12:25:18","date_gmt":"2022-03-23T12:25:18","guid":{"rendered":"https:\/\/capitalitaliane.lrc.columbia.edu\/?page_id=780"},"modified":"2022-03-23T12:26:40","modified_gmt":"2022-03-23T12:26:40","slug":"claudio-magris","status":"publish","type":"page","link":"https:\/\/capitalitaliane.lrc.columbia.edu\/?page_id=780","title":{"rendered":"Claudio Magris"},"content":{"rendered":"\n<h4 class=\"wp-block-heading\">Estratto da <em>Cronologia Meridiani<\/em> di Claudio Magris<\/h4>\n\n\n\n<p>Per provare a capire questa citt\u00e0 \u00e8 necessario comprenderne appieno la sua posizione nel continente e nella storia. Sono passati poco pi\u00f9 di cento anni da quando l\u2019<em>Audace <\/em>(la prima nave italiana ad attraccare a Trieste nel 1918)\u00a0tocc\u00f2 le rive del porto triestino e la citt\u00e0 divenne italiana completando il progetto risorgimentale, approfittando della dissoluzione dell\u2019impero asburgico. Ma non sono stati cent\u2019anni semplici. Il fascismo ha tentato di ridare un\u2019identit\u00e0 romana alla citt\u00e0, attraverso una continua propaganda ed atti estremi tipici del tempo, uno dei pi\u00f9 eclatanti fu sicuramente la distruzione dell\u2019Hotel Balkan, centro culturale e polivalente sloveno dato alle fiamme nei 1919 dagli squadristi con la connivenza della polizia. Anche negli anni della prima guerra mondiale la situazione fu paradossale, il governo austriaco chiamava a combattere contro l\u2019Italia tanti italiani triestini, che si rifiutarono. L\u2019irredentismo nasce fondamentalmente qui nella seconda met\u00e0 dell\u2019ottocento, ma \u00e8 un argomento complesso che richiede conoscenze molto specifiche, difficile da esplicare in questa sede. Prover\u00f2 pi\u00f9 che altro a provare a tracciare con umilt\u00e0 un profilo identitario della citt\u00e0. Il libro della Morris riprende a riguardo una citazione del poeta, scrittore, militare e irredentista Scipio Slataper, il quale diceva che nel carattere di Trieste si mescolavano: <em>La nostalgia slava, la sicurezza tedesca e un istinto italiano per l\u2019armonia.<\/em> Tre mondi e tre modi di vivere che si incrociano in questo preciso\u00a0 punto della terra, generando un\u2019identit\u00e0 difficilmente comprensibile, utilizzando solamente i parametri della ragione. Diverse persone con cui mi sono confrontato mi hanno detto che camminando per Vienna si sentono pi\u00f9 a loro agio che a Roma, ma non lo dicevano con sciovinismo o con quel retrogusto disperante e insopportabile dei sudtirolesi, lo dicevano con serenit\u00e0, con grande amore per l\u2019Italia, con rispetto della loro unica tradizione, della loro formidabile storia. Gli Asburgo hanno fatto diventare questa citt\u00e0 il porto dell\u2019Impero Austro-Ungarico, ci\u00f2 ha portato anche ad un incredibile sviluppo finanziario che ha attratto comunit\u00e0 da tutto il mediterraneo: greci, serbi, croati e, tanti, ebrei. A Trieste c\u2019\u00e8 una delle Sinagoghe pi\u00f9 belle d\u2019Europa, c\u2019\u00e8 una splendida Chiesa Ortodossa, folte comunit\u00e0 slovene. Tutt\u2019ora la sua personalit\u00e0 \u00e8 di difficile definizione ma non \u00e8 vacua come quelle citt\u00e0 cosmopolite a cui la globalizzazione ci ha abituato nell\u2019ultimo ventennio dove non esistono pi\u00f9 abitanti locali. I triestini sono presenti, amano la loro citt\u00e0, la loro identit\u00e0. La portano avanti e la alimentano quotidianamente con fierezza. In ogni casa c\u2019\u00e8 una libreria con testi dedicati a Trieste: libri di fotografia, di storia, romanzi, poesie, documenti, ogni volta che trovano in giro un libro che parla di Trieste lo comprano e lo portano dentro. Nell\u2019era della globalizzazione selvaggia che vuole distruggere ogni autenticit\u00e0 in nome dell\u2019omologazione dei popoli, Trieste \u00e8 una citt\u00e0 che resiste, che si ama, che si cura, che si rafforza.<\/p>\n\n\n\n<ol class=\"wp-block-list\"><li>Quali eventi storici sono ricordati dall\u2019autore?<\/li><li>A quale movimento politico e culturale fa riferimento? Quando si \u00e8 sviluppato? In che cosa ha avuto origine?<\/li><li>Come viene giudicato dall\u2019autore il governo degli Asburgo a Trieste?4. Quali tre mondi coesistono a Trieste? Quale scrittore triestino ne parla?<\/li><li>Secondo Magris, qual \u00e8 la differenza tra gli abitanti di Trieste e quelli che popolano le citt\u00e0 cosmopolite dell\u2019era della globalizzazione?<\/li><\/ol>\n\n\n\n<p><\/p>\n","protected":false},"excerpt":{"rendered":"<p>Estratto da Cronologia Meridiani di Claudio Magris Per provare a capire questa citt\u00e0 \u00e8 necessario comprenderne appieno la sua posizione<\/p>\n","protected":false},"author":2,"featured_media":0,"parent":481,"menu_order":0,"comment_status":"closed","ping_status":"closed","template":"","meta":{"footnotes":""},"class_list":["post-780","page","type-page","status-publish","hentry"],"_links":{"self":[{"href":"https:\/\/capitalitaliane.lrc.columbia.edu\/index.php?rest_route=\/wp\/v2\/pages\/780","targetHints":{"allow":["GET"]}}],"collection":[{"href":"https:\/\/capitalitaliane.lrc.columbia.edu\/index.php?rest_route=\/wp\/v2\/pages"}],"about":[{"href":"https:\/\/capitalitaliane.lrc.columbia.edu\/index.php?rest_route=\/wp\/v2\/types\/page"}],"author":[{"embeddable":true,"href":"https:\/\/capitalitaliane.lrc.columbia.edu\/index.php?rest_route=\/wp\/v2\/users\/2"}],"replies":[{"embeddable":true,"href":"https:\/\/capitalitaliane.lrc.columbia.edu\/index.php?rest_route=%2Fwp%2Fv2%2Fcomments&post=780"}],"version-history":[{"count":2,"href":"https:\/\/capitalitaliane.lrc.columbia.edu\/index.php?rest_route=\/wp\/v2\/pages\/780\/revisions"}],"predecessor-version":[{"id":783,"href":"https:\/\/capitalitaliane.lrc.columbia.edu\/index.php?rest_route=\/wp\/v2\/pages\/780\/revisions\/783"}],"up":[{"embeddable":true,"href":"https:\/\/capitalitaliane.lrc.columbia.edu\/index.php?rest_route=\/wp\/v2\/pages\/481"}],"wp:attachment":[{"href":"https:\/\/capitalitaliane.lrc.columbia.edu\/index.php?rest_route=%2Fwp%2Fv2%2Fmedia&parent=780"}],"curies":[{"name":"wp","href":"https:\/\/api.w.org\/{rel}","templated":true}]}}

<h4 class="wp-block-heading">Estratto da <em>Cronologia Meridiani</em> di Claudio Magris</h4>



<p>Per provare a capire questa città è necessario comprenderne appieno la sua posizione nel continente e nella storia. Sono passati poco più di cento anni da quando l’<em>Audace </em>(la prima nave italiana ad attraccare a Trieste nel 1918) toccò le rive del porto triestino e la città divenne italiana completando il progetto risorgimentale, approfittando della dissoluzione dell’impero asburgico. Ma non sono stati cent’anni semplici. Il fascismo ha tentato di ridare un’identità romana alla città, attraverso una continua propaganda ed atti estremi tipici del tempo, uno dei più eclatanti fu sicuramente la distruzione dell’Hotel Balkan, centro culturale e polivalente sloveno dato alle fiamme nei 1919 dagli squadristi con la connivenza della polizia. Anche negli anni della prima guerra mondiale la situazione fu paradossale, il governo austriaco chiamava a combattere contro l’Italia tanti italiani triestini, che si rifiutarono. L’irredentismo nasce fondamentalmente qui nella seconda metà dell’ottocento, ma è un argomento complesso che richiede conoscenze molto specifiche, difficile da esplicare in questa sede. Proverò più che altro a provare a tracciare con umiltà un profilo identitario della città. Il libro della Morris riprende a riguardo una citazione del poeta, scrittore, militare e irredentista Scipio Slataper, il quale diceva che nel carattere di Trieste si mescolavano: <em>La nostalgia slava, la sicurezza tedesca e un istinto italiano per l’armonia.</em> Tre mondi e tre modi di vivere che si incrociano in questo preciso  punto della terra, generando un’identità difficilmente comprensibile, utilizzando solamente i parametri della ragione. Diverse persone con cui mi sono confrontato mi hanno detto che camminando per Vienna si sentono più a loro agio che a Roma, ma non lo dicevano con sciovinismo o con quel retrogusto disperante e insopportabile dei sudtirolesi, lo dicevano con serenità, con grande amore per l’Italia, con rispetto della loro unica tradizione, della loro formidabile storia. Gli Asburgo hanno fatto diventare questa città il porto dell’Impero Austro-Ungarico, ciò ha portato anche ad un incredibile sviluppo finanziario che ha attratto comunità da tutto il mediterraneo: greci, serbi, croati e, tanti, ebrei. A Trieste c’è una delle Sinagoghe più belle d’Europa, c’è una splendida Chiesa Ortodossa, folte comunità slovene. Tutt’ora la sua personalità è di difficile definizione ma non è vacua come quelle città cosmopolite a cui la globalizzazione ci ha abituato nell’ultimo ventennio dove non esistono più abitanti locali. I triestini sono presenti, amano la loro città, la loro identità. La portano avanti e la alimentano quotidianamente con fierezza. In ogni casa c’è una libreria con testi dedicati a Trieste: libri di fotografia, di storia, romanzi, poesie, documenti, ogni volta che trovano in giro un libro che parla di Trieste lo comprano e lo portano dentro. Nell’era della globalizzazione selvaggia che vuole distruggere ogni autenticità in nome dell’omologazione dei popoli, Trieste è una città che resiste, che si ama, che si cura, che si rafforza.</p>



<ol class="wp-block-list"><li>Quali eventi storici sono ricordati dall’autore?</li><li>A quale movimento politico e culturale fa riferimento? Quando si è sviluppato? In che cosa ha avuto origine?</li><li>Come viene giudicato dall’autore il governo degli Asburgo a Trieste?4. Quali tre mondi coesistono a Trieste? Quale scrittore triestino ne parla?</li><li>Secondo Magris, qual è la differenza tra gli abitanti di Trieste e quelli che popolano le città cosmopolite dell’era della globalizzazione?</li></ol>



<p></p>

<p>Estratto da Cronologia Meridiani di Claudio Magris Per provare a capire questa città è necessario comprenderne appieno la sua posizione</p>
