{"id":876,"date":"2022-04-08T14:36:02","date_gmt":"2022-04-08T14:36:02","guid":{"rendered":"https:\/\/capitalitaliane.lrc.columbia.edu\/?page_id=876"},"modified":"2022-04-08T14:41:19","modified_gmt":"2022-04-08T14:41:19","slug":"storia","status":"publish","type":"page","link":"https:\/\/capitalitaliane.lrc.columbia.edu\/?page_id=876","title":{"rendered":"Storia"},"content":{"rendered":"\n<p>Data la vastit\u00e0 dell\u2019argomento, limitiamoci a sintetizzare brevemente i momenti cruciali della storia di questa citt\u00e0 e ad approfondirne solo alcuni che, <strong>secondo un sondaggio<\/strong>, suscitano maggior interesse:<\/p>\n\n\n\n<p><strong>La data di fondazione<\/strong> di Roma \u00e8 stata fissata al 21 aprile del <strong>753 a.C.<\/strong> Lo storico romano <strong>Tito Livio<\/strong> racconta nel suo <em>Ad urbe condita<\/em> la leggenda secondo cui furono i fratelli Romolo e Remo, allattati dalla lupa e discendenti di Enea, a fondare la citt\u00e0 e <strong>Romolo<\/strong> divenne il primo re di Roma.<\/p>\n\n\n\n<p>Il tirannico <strong>Tarquinio il Superbo<\/strong> fu l\u2019ultimo re di Roma, perch\u00e9 nel <strong>509 a.C<\/strong> al <strong>31 a.C o 27 a.C<\/strong> la citt\u00e0 divenne una repubblica e si espanse sulla penisola e sul Mediterraneo, negli odierni Medio Oriente e&nbsp; Europa, non senza periodi di crisi e guerre civili.<\/p>\n\n\n\n<p>Nel 49 a.C il triumviro <strong>Cesare<\/strong> divenne sostanzialmente il dittatore di Roma ma fu ucciso nel <strong>44 a.C.<\/strong>&nbsp; Dopo la morte di Cesare e guerre tra tre triumviri, Ottaviano, Marco Antonio e Marco Emilio Lepido, il senato affid\u00f2 tutti i poteri al figlio di Cesare, <strong>Ottaviano Augusto<\/strong> che divent\u00f2 <strong>imperatore.<\/strong> Fino al <strong>II secolo d.C<\/strong>, l\u2019epoca imperiale fu caratterizzata da grande splendore e nuove conquiste.&nbsp;<\/p>\n\n\n\n<p>Nel <strong>III secolo d.C <\/strong>l\u2019impero entr\u00f2 in crisi e vi fu un periodo di anarchia militare che termin\u00f2 solo nel <strong>284<\/strong>, quando divenne imperatore <strong>Diocleziano<\/strong>. Diocleziano riorganizz\u00f2 l\u2019impero, istituendo la tetrarchia, cio\u00e8 un sistema di governo a 4, e stabilendo la sua residenza a <strong>Nicomedia,&nbsp; <\/strong>in<strong> Oriente<\/strong>, nell\u2019odierna Turchia.&nbsp;<\/p>\n\n\n\n<p>A dare ancora maggiore importanza alla parte orientale dell\u2019Impero fu l\u2019imperatore <strong>Costantino<\/strong> che nel <strong>330 d.C<\/strong> fond\u00f2 una nuova capitale: <strong>Costantinopoli<\/strong>. Alla sua morte, avvenuta nel 337, l\u2019Impero venne diviso tra i suoi tre figli:&nbsp;<strong>Costante<\/strong>,&nbsp;<strong>Costantino II<\/strong>&nbsp;e&nbsp;<strong>Costanzo II<\/strong>, che si fecero guerra per il potere. Gli imperatori che salirono in seguito al trono imperiale dovettero affrontare la minaccia sempre pi\u00f9 forte dei \u201cbarbari\u201d.&nbsp;<\/p>\n\n\n\n<p>Pi\u00f9 tardi, nel <strong>410<\/strong> Roma venne saccheggiata dai <strong>Visigoti<\/strong> e nel <strong>455<\/strong> dai <strong>Vandali<\/strong>. Nel <strong>476<\/strong>, <strong>Odoacre<\/strong>, re dei Goti depose l\u2019imperatore <strong>Romolo Augustolo<\/strong> e questo segn\u00f2 la fine dell\u2019 Impero Romano d\u2019Occidente&nbsp;<\/p>\n\n\n\n<p>Sul territorio di quello ch\u2019era stato l\u2019Impero Romano d\u2019Occidente, si formarono 5 Regni romano-germanici. L\u2019impero d\u2019Oriente o Impero Bizantino continu\u00f2 ad esistere fino al <strong>1453<\/strong>, quando i Turchi conquistarono Costantinopoli.<\/p>\n\n\n\n<h4 class=\"wp-block-heading\">Le grandi strade dell\u2019antica Roma<\/h4>\n\n\n\n<p>A Roma, se si parla di escursioni o di viaggi, si sentir\u00e0 menzionare l\u2019Appia antica, la Cassia, la Salaria, l\u2019Aurelia, Flaminia. Sono ancora percorribili queste strade? Alcune lo sono ancora (l\u2019Appia ma solo a piedi, l\u2019Aurelia e la Salaria sono diventate parte parte della rete di strade statali), di altre si usa solo una parte (Cassia), altre conservano ancora tutto lo strato di pietre dell\u2019antichit\u00e0 e non sono pi\u00f9 usate (Flaminia).\u00a0 Quali punti della penisola congiungevano queste strade e chi le fece costruire?<\/p>\n\n\n\n<h4 class=\"wp-block-heading\">Dalla caduta dell\u2019Impero d\u2019Occidente all\u2019et\u00e0 napoleonica<\/h4>\n\n\n\n<p>Dopo la<strong>&nbsp;caduta dell\u2019Impero romano<\/strong> (476 d.C.) Roma non era pi\u00f9 il centro dell\u2019impero e in citt\u00e0 continuavano a migrare&nbsp; dal nord Europa e dall\u2019est (movimento migratorio che era gi\u00e0 cominciato nel III secolo d.C.). Visigoti, Ostrogoti, Longobardi, Franchi arrivarono a Roma per motivi commerciali e naturalmente militari. Roma era insomma una citt\u00e0 in rovina e poco popolata. E fu in questo periodo che il vescovo di Roma cominci\u00f2 ad arrogarsi il potere sulla citt\u00e0, favorito dal disinteresse di Costantinopoli&nbsp; nei confronti dell\u2019ex capitale dell\u2019Impero d\u2019Occidente e a conferire alla citt\u00e0 una dignit\u00e0 sacrale, anche attraverso la costruzione di chiese e la raccolta di reliquie.&nbsp;<\/p>\n\n\n\n<p>Se il potere del papa era limitato da un punto di vista territoriale, grazie ad una graduale politica espansionistica, in seguito si estese a nuove province, sino ad arrivare al XV secolo, epoca in cui lo stato pontificio consolid\u00f2 i propri confini e centralizz\u00f2 il controllo del territorio.<\/p>\n\n\n\n<p>A partire dal 1620 il mondo mediterraneo e centroeuropeo, fu colpito da una grave crisi economica\u00a0 e lo stato pontificio cerc\u00f2 di lenire le sofferenze delle classi pi\u00f9 deboli attraverso la creazione di una serie di istituzioni benefiche come\u00a0Monti di Piet\u00e0\u00a0 (i primi d\u2019 Europa) , ospedali pubblici, mense per poveri, ma rimase in uno stato di grande arretratezza.\u00a0\u00a0<\/p>\n\n\n\n<p>Con la\u00a0 generale ripresa economica e culturale avvenuta sia in Italia che in altri paesi europei, lo stato pontificio\u00a0 avvi\u00f2 una serie di riforme miranti a migliorare le condizioni dei suoi sudditi, tra cui il frazionamento dei latifondi, il miglioramento delle condizioni igieniche dei lavoratori il miglioramento delle comunicazioni e del commercio. Vennero avviate anche riforme in campo amministrativo: la semplificazione delle imposte, venne creato un catasto, vennero eliminate molte delle dogane interne. Si fece anche una bonifica delle paludi pontine a Sud di Roma che premise nuove coltivazioni e nuova occupazione.<\/p>\n\n\n\n<h4 class=\"wp-block-heading\">Dall\u2019et\u00e0 napoleonica all\u2019annessione di Roma al nuovo Regno d\u2019Italia (1870)<\/h4>\n\n\n\n<p>Con l&#8217;invasione napoleonica, lo stato pontificio rischi\u00f2 di scomparire. Nel 1796\u00a0in pochi giorni i francesi entrarono a\u00a0Bologna, Ferrara e Ravenna, allora parte dello stato pontificio e dopo l\u2019armistizio Bologna,\u00a0Ferrara\u00a0e la\u00a0Romagna\u00a0furono annesse alla neonata\u00a0Repubblica Cisalpina. Nei mesi successivi, le truppe napoleoniche invasero Roma, apportandovi molta distruzione e saccheggi.<\/p>\n\n\n\n<p>Nel\u00a01798\u00a0\u00a0Papa Pio VI fu arrestato e esiliato; mor\u00ec prigioniero in Francia il 29 agosto 1799, ma con l\u2019intervento dell\u2019esercito borbonico e di quello Austriaco e dell\u2019inglese, i francesi furono cacciati.\u00a0 Nel 1800\u00a0Roma e fu riconsegnata al governo pontificio.\u00a0 Napoleone, per\u00f2 non demorse\u00a0 e attacc\u00f2 nuovamente lo stato pontificio. Anche questa volta il papa Pio VII fu arrestato e deportato in Francia.<\/p>\n\n\n\n<p>Dopo la caduta di Napoleone a Lipsia (battaglia di Lipsia), la Francia dovette restituire i territori occupati dai suoi eserciti alla\u00a0Santa Sede.Data la politica reazionaria del papato, si svilupp\u00f2 nello stato pontificio un gran fermento rivoluzionario, fermento che percorreva anche il resto della penisola. Nascono infatti in questo periodo societ\u00e0 segrete come la Carboneria che tramano contro i sovrani, incluso il pontefice. Dopo una serie di insurrezioni e veri moti rivoluzionari, non solo a Roma ma in gran parte della penisola. Le borghesie liberali e una buona parte degli intellettuali italiani cominciarono a coltivare il progetto\u00a0 di unificazione nazionale. A capo di questo progetto politico erano i Savoia del Regno di Sardegna, che, grazie alle qualit\u00e0 di stratega del loro primo ministro Camillo Benso Conte di Cavour e il servizio del generale Garibaldi lo realizzarono nel 1861, quando venne proclamata la nascita del Regno d\u2019Italia. Da conquistare rimanevano solamente Venezia parte dell\u2019Impero Austro ungarico e Roma ancora nelle mani del pontefice. Queste vennero annesse rispettivamente nel 1866 e nel 1870 e la capitale fu trasferita a Roma nel 1871.<\/p>\n\n\n\n<h4 class=\"wp-block-heading\">Archeologia per caso<\/h4>\n\n\n\n<p>La Roma antica non \u00e8 mai stata un\u2019inerte presenza nella Roma moderna. Al contrario, \u00e8 stata soggetta a manipolazione politica, ha determinato spesso la struttura della citt\u00e0, ha interrotto il lavoro di costruzione di nuovi edifici ed \u00e8 servita al commentario sulla cultura contemporanea. La Roma antica non smette mai di emergere e di dare forma alla citt\u00e0.\u00a0 Nel 2016, durante gli scavi per la Stazione Amba Aradam, sono state trovate caserme militari del II secolo e quindi si `e dovuto interrompere i lavori. Nel 2018 gli archeologi hanno annunciato il ritrovamento di una ricca domus che dicono essere appartenuta al comandante di quella postazione militare. Insomma, come diceva Federico Fellini, ogni tipo di scavo si pu\u00f2 trasformare in un sito archeologico.<\/p>\n\n\n\n<h4 class=\"wp-block-heading\">Podcast<\/h4>\n\n\n\n<div class=\"wp-block-buttons is-layout-flex wp-block-buttons-is-layout-flex\">\n<div class=\"wp-block-button\"><a class=\"wp-block-button__link\" href=\"https:\/\/www.lunadelconte.it\/p\/podcast\">Grandi scoperte archeologiche<\/a><\/div>\n<\/div>\n\n\n\n<h4 class=\"wp-block-heading\">Conversazione<\/h4>\n\n\n\n<p>Hai mai visto delle rovine archeologiche? Dove? Sai a quale epoca risalgono? Di che cosa si trattava precisamente? Di un tempio? Di un oggetto di uso domestico? Di una piramide? Di un affresco? Che pensieri ha generato in te la vista di queste rovine?<\/p>\n\n\n\n<h4 class=\"wp-block-heading\">Gli ebrei a Roma (documentario)<\/h4>\n\n\n\n<figure class=\"wp-block-embed is-type-video is-provider-youtube wp-block-embed-youtube wp-embed-aspect-4-3 wp-has-aspect-ratio\"><div class=\"wp-block-embed__wrapper\">\n<iframe loading=\"lazy\" title=\"Gli ebrei a roma, documentario storico\" width=\"800\" height=\"600\" src=\"https:\/\/www.youtube.com\/embed\/qkHB9pVhHL8?feature=oembed\" frameborder=\"0\" allow=\"accelerometer; autoplay; clipboard-write; encrypted-media; gyroscope; picture-in-picture\" allowfullscreen><\/iframe>\n<\/div><\/figure>\n\n\n\n<h5 class=\"wp-block-heading\">Da 00:00 a 08:20<\/h5>\n\n\n\n<ol class=\"wp-block-list\"><li>Dove si trova a Roma il quartiere ebraico?<\/li><li>Che cosa fece Tito nel 70 a.C in Giudea?<\/li><li>A quando si pu\u00f2 far risalire la presenza degli ebrei a Roma? Che cosa vi facevano?<\/li><li>Che cosa fecero i romani ai rebelli giudei?<\/li><li>Dove seppellivano i loro morti gli ebrei?\u00a0<\/li><li>Dove si trova una delle pi\u00f9 belle catacombe ebraiche? Quali sono i simboli che ci dicono che sono ebraiche?<\/li><li>Perch\u00e9 possiamo dire che a Roma l\u2019ebraico era in disuso?<\/li><\/ol>\n\n\n\n<h5 class=\"wp-block-heading\">Da 10:48 a 15:41<\/h5>\n\n\n\n<ol class=\"wp-block-list\"><li>Da che cosa e chi dipendevano gli ebrei sin dal Medioevo?<\/li><li>Quali ceti sociali popolavano il quartiere ebraico? C\u2019era una vita culturale nel quartiere?<\/li><li>Come si chiamava il papa che nel 1555 emise la bolla \u201cCum nimis absurdum\u201d? E che cosa s\u2019istituiva con questa bolla?<\/li><li>In che condizioni erano costretti a vivere gli ebrei nel ghetto? Che attivit\u00e0 gli era permessa?<\/li><li>Che cosa volevano che facessero gli ebrei molti pontefici? Che cosa li constringevano a fare a questo fine?<\/li><\/ol>\n\n\n\n<h5 class=\"wp-block-heading\">Da 18:43 a 20:43<\/h5>\n\n\n\n<ol class=\"wp-block-list\"><li>In che speravano gli ebrei romani per ottenere la libert\u00e0?<\/li><li>Quando finisce il potere temporale dei papi? Che cosa ottengono gli ebrei con l\u2019unificazione dell\u2019Italia?<\/li><\/ol>\n","protected":false},"excerpt":{"rendered":"<p>Data la vastit\u00e0 dell\u2019argomento, limitiamoci a sintetizzare brevemente i momenti cruciali della storia di questa citt\u00e0 e ad approfondirne solo<\/p>\n","protected":false},"author":2,"featured_media":0,"parent":574,"menu_order":1,"comment_status":"closed","ping_status":"closed","template":"","meta":{"footnotes":""},"class_list":["post-876","page","type-page","status-publish","hentry"],"_links":{"self":[{"href":"https:\/\/capitalitaliane.lrc.columbia.edu\/index.php?rest_route=\/wp\/v2\/pages\/876","targetHints":{"allow":["GET"]}}],"collection":[{"href":"https:\/\/capitalitaliane.lrc.columbia.edu\/index.php?rest_route=\/wp\/v2\/pages"}],"about":[{"href":"https:\/\/capitalitaliane.lrc.columbia.edu\/index.php?rest_route=\/wp\/v2\/types\/page"}],"author":[{"embeddable":true,"href":"https:\/\/capitalitaliane.lrc.columbia.edu\/index.php?rest_route=\/wp\/v2\/users\/2"}],"replies":[{"embeddable":true,"href":"https:\/\/capitalitaliane.lrc.columbia.edu\/index.php?rest_route=%2Fwp%2Fv2%2Fcomments&post=876"}],"version-history":[{"count":3,"href":"https:\/\/capitalitaliane.lrc.columbia.edu\/index.php?rest_route=\/wp\/v2\/pages\/876\/revisions"}],"predecessor-version":[{"id":882,"href":"https:\/\/capitalitaliane.lrc.columbia.edu\/index.php?rest_route=\/wp\/v2\/pages\/876\/revisions\/882"}],"up":[{"embeddable":true,"href":"https:\/\/capitalitaliane.lrc.columbia.edu\/index.php?rest_route=\/wp\/v2\/pages\/574"}],"wp:attachment":[{"href":"https:\/\/capitalitaliane.lrc.columbia.edu\/index.php?rest_route=%2Fwp%2Fv2%2Fmedia&parent=876"}],"curies":[{"name":"wp","href":"https:\/\/api.w.org\/{rel}","templated":true}]}}